)
0
What is the value of 33 + (-27 + 11 - -4)?
21
What is 42 + -76 + 44 + (-37 - (0 + -1))?
-26
Calculate 28 - 37 - (-4 + 3 - 9).
1
Calculate -12 - -1 - 3 - -18.
4
What is the value of 11 - ((-14 - (15 + -53)) + -4)?
-9
-1 - 1 - (7 + 2 + -40 + 50)
-21
(13 - (9 - 8)) + -3 + 12
21
What is -7 + 7 - (-6 - (-9 - -10))?
7
What is -26 + -37 + 59 - (0 - 0 - 4)?
0
Evaluate -2 + 4 + (42 - 24 - 27).
-7
What is the value of 2 + -4 + 24 + -2?
20
Evaluate -10 + 0 + (10 - (4 - -9)) + 19.
6
What is the value of -2338 + 2342 - (-1 - (0 - -4))?
9
What is (-114 - -98) + -3 + 26?
7
What is the value of -2 - -25 - (-19 - (6 + -18)) - 1?
29
What is 10 - 4 - (15 + 11 + -9)?
-11
Evaluate -3 - (9 - (0 - -16)).
4
23 + -1 + -19 + (8 - -6)
17
Calculate -11 - -1 - (0 + -21 - (-60 + 69)).
20
What is (-41 - (-20 + -35)) + -51?
-37
4 - 0 - 7 - (-5 + (-2 - -8))
-4
-4 - (-6 + -4 + -1) - (-3 - 1)
11
4 - -5 - (-28 - -37)
0
(-31 - -10 - -9) + 19
7
Evaluate -15 + -1 - (-405 + 397).
-8
What is -42 + -21 + 25 + 25?
-13
What is 25 + -29 + -1 + (-1 - -2 - -8)?
4
Evaluate (42 - 27) + (-1 - (12 + -4)).
6
What is the value of 3 + (28 - 34) + -1?
-4
0 + -13 + 6 - (-15 + 2) - 0
6
-597 + 609 - (2 + 1 - -16)
-7
What is the value of -8 - (-7 + (6 - -10) - 0)?
-17
What is the value of -8 + 29 + -34 + (5 - (2 - 4))?
-6
What is the value of 12 + 6 - 9 - 35 - 7?
-33
Evaluate (2 - 9) + (0 - (-6 - 3 - -9)).
-7
What is 0 + -10 - (-9 - (27 + -28))?
-2
Calculate -3 - (-14 - -9) - -5.
7
Evaluate (4 - 10 - (3 - 14)) + 1.
6
What is 11 + (11 - 13) - (-3 + 38)?
-26
What is the value of (4 - (6 + 0)) + 16?
14
Calculate -26 + 10 + (9 - (13 - -4)).
-24
Evaluate 19 + -41 - (-13 - 12).
3
Evaluate (6 - -6 - -5 - 8) + (-6 - 2).
1
(15 - 24) + (-6 - (5 - 2))
-18
What is 1 + -4 - (-1 - -2) - (-118 - -101)?
13
What is (-10 - 2) + (-7 - -13)?
-6
0 + (9 - (-9 + (4 - -10)))
4
Evaluate (-74 - -93) + -43 + -7.
-31
What is (4 - -9) + (5 - 0) + (3 - 10)?
11
Calculate -1 - (0 - (-7 - (9 + (-13 - -8)))).
-12
(-16 + -16 - -50) + (0 - (-2 - 3))
23
Calculate 6 + -3 + -2 + 8.
9
Evaluate 1 + 0 + (-948 - -952).
5
What is the value of -4 - 0 - (3 - 3) - (-15 + 1)?
10
Evaluate -5 - 3 - -5 - 3 - 7.
-13
23 + (-25 - 1) - (-1 - -5)
-7
What is 2 + (-3 - -1) + 8 + (3 - 27)?
-16
Evaluate 11 + -11 + 0 - -21 - 5.
16
What is the value of (-5 - 7) + 1 + -6 + (-10 - -21)?
-6
What is (-1 - (-2 - -7)) + 0 + (-3 - -1)?
-8
What is 49 + -52 + (25 - 6)?
16
-7 - (37 - (4 + 32) - (1 - -31))
24
26 + -11 + 14 - -8
37
What is the value of 8 - (4 + 3 + (-57 - -48))?
10
Evaluate -14 - (9 - (-8 + 22)).
-9
0 + -7 + 7 - -1
1
What is -3 - 1 - 0 - (-2594 - -2595)?
-5
What is the value of (0 + -1 - 9) + 1 + 12?
3
What is (7 - -4 - (-10 + 0) - 2) + 4?
23
Evaluate 2 + -3 + (2 - (-5 - -4) - 2).
0
Evaluate (26 - -3) + (-27 - 22).
-20
What is (13 - 1) + (20 - 22)?
10
What is -17 + 2 + 8 + (-5 - (2 - 2))?
-12
Calculate (1 - -12 - 25) + -8 + 2 + -5.
-23
Evaluate -7 + 4 + 6 + -1 + (-16 - -10).
-4
Evaluate -16 - (-13 - (-2 + 1 - 8)).
-12
What is the value of 15 + 1 - (329 + -349)?
36
Evaluate -14 - 0 - (-21 + (-6 - 3)).
16
Calculate (-7 - -19 - 11) + (0 - -2) - -11.
14
Evaluate 53 + -19 + 5 - (-12 - -22).
29
What is -7 - (6 + (-10 - 1) + 8)?
-10
What is the value of 0 - (-35 + 5) - 11?
19
What is the value of 46 + -26 + 15 + -21?
14
-2 - (-13 + 2) - (117 + -101)
-7
Calculate -34 + (18 - (25 + -20)).
-21
(-14 + 24 - (1 - -6)) + -1
2
What is 10 - (14 - (16 + -13))?
-1
What is -34 - 3 - -25 - -34?
22
Calculate 21 + (-4 - (33 + -13)).
-3
Evaluate 0 - -8 - (-184 + 197).
-5
Evaluate 3 - (4 - 2 - 5 - -14) - 8.
-16
What is 0 - (14 + -14 - 7)?
7
What is the value of -24 + 25 - -6 - 38?
-31
(2 - -1) + -7 + 22 + -17 + 32
33
(8 + -5 - 18) + -1 + (4 - -3)
-9
Calculate -2 + 0 + 2 + -5 - (-15 + 14).
-4
17 - (-11 + (-1 - -23))
6
What is the value of -525 + 485 - (2 + -45)?
3
What is the value of 0 + (-10 + 1 - 6) + -1?
-16
Calculate 10 + -2 - (-415 + 395).
28
27 - (3 + (-17 - -7 - -7) + 9)
18
Calculate (19 - 19) + (0 - (-1 - 8)).
9
What is (-2 - 2) + (-18 - -42 - -8)?
28
What is (-6089 - -6071) + (5 - (-1 + 2))?
-14
11 + 6 + -12 - (-8 - -2)
11
Calculate -4 - (-10 - (5 - 9) - -6).
-4
Calculate 7 - 1 - (-67 + 62).
11
Calculate (-2 + -17 - 1) + (-81 - -36) + 53.
-12
What is (-16 - (0 + -37)) + -12?
9
Evaluate (-39 - -26 - -6) + (6 - 1).
-2
(4 + 9 - 4) + 2 + -9 + 6
8
Evaluate (29 - 33) + 2 + (-3 - -2) + 8.
5
What is the value of -4 + (12 - 0) - -16?
24
Calculate -5 + 4 + (9 + -14 - 9).
-15
(1 + 0 - (-19 - -5 - -13)) + 2
4
18 - (-43 + 59 + (-13 - -3))
12
What is the value of (25 - (6 - 1)) + (9 - 6 - 2)?
21
Evaluate -26 + (23 - -5) - (13 - 1).
-10
What is the value of (19 - 19 - -16) + -8 + 18?
26
What is (8 - 11) + -9 - -1?
-11
Evaluate -21 + (16 - (20 - 43)).
18
7 + (-19 - 0) - (-3 + 8)
-17
Calculate (4 - (4 - 0 - -11)) + 66 + -69.
-14
Calculate 26 + (16 - 66) + 24.
0
What is -6 + (-27 + 35 - (-6 + 1)) + -28?
-21
Evaluate -4 + (-20 - 22 - -44).
-2
Evaluate 24 - (10 + (-8 - -17)).
5
Calculate -66 + 70 - (-1 + 4 - 6 - -5).
2
Evaluate 11 - (16 - 14) - 24.
-15
What is the value of (16 - -6 - 8 - 9) + 1?
6
Evaluate -13 + (-9 + -7 - -26).
-3
(23 - (42 + -21)) + 4
6
Evaluate -2 + -1 + (10 - (-13 - (-1 - -7))).
26
What is (-1 - 2) + (2 - 2 - 5 - -5)?
-3
10 - 9 - 3 - -6
4
Evaluate -7 - (-6 + (2 - 2)).
-1
Calculate -11 - (-13 + (-13 - -19) - -15).
-19
Calculate 1 - (-6 - (0 - (3 - -2))) - 12.
-10
3 - (-12 - -12) - 7
-4
Evaluate -38 + 78 + -19 + (-14 - 0).
7
What is the value of (-6 - (-3 + (2 - (-3 + 4)))) + 9?
5
Evaluate -11 + -11 + 15 - -17.
10
What is the value of 45 + -58 + (-25 - 3 - -3)?
-38
Calculate (83 - 36) + (2 - 30).
19
Calculate -2 + 6 - 5 - (-17 - (-5 + 5)).
16
Calculate -2 + -3 - (5 + (-4 - (13 - 9))).
-2
What is the value of 3 - (-3 - -12 - 15)?
9
Evaluate -4 + 15 + -23 + (4 - (-4 + 1)).
-5
What is (60 - 46) + (2 - 4)?
12
What is (131 - 127) + (2 - (7 - 0)) - -8?
7
What is -3 - (-4 + 11 + 0 + -4) - -5?
-1
Calculate 4 + 2 + (7 - 12 - 8).
-7
11 + -19 + (-7 + -3 - -21)
3
What is -2 - 6 - (31 - 40)?
1
What is the value of 5 - (-10 + 9) - (-9 + 2 + 0)?
13
Evaluate -8 - (31 + -22 + -12).
-5
13 + -1 - (4 - 1)
9
Evaluate -12 - (11 + -17 + 3).
-9
Calculate (435 - 445 - (-9 + 1)) + -21.
-23
(366 - 377) + (11 - 0 - 1)
-1
Evaluate (-6 - -44) + (6 - (35 + -14)).
23
Evaluate -8 - (1 - -1) - -8.
-2
Calculate 5 + 4 + -11 - (40 + -43).
1
What is the value of 22 - (-32 - (-17 - 9))?
28
1 + -5 - (-3 + -25 + 21)
3
Calculate -1 + -3 + (151 - 154) + 1 + 13.
7
What is 0 + -8 + (-8 - 15) + 20?
-11
What is the value of 25 - (-23 - -56) - (2 + 9)?
-19
What is the value of (-28 - -13) + (133 - 124)?
-6
What is the value of -37 - (2 + (15 - 21)) - -3?
-30
(-4 - -1) + 19 + 3 - (1 + -4)
22
2 - -7 - -8 - 13
4
Calculate -3 - (11 - 12 - 5) - -5.
8
Evaluate 10 + 11 + (-15 - 6).
0
What is -5 + -1 - (-3 - (4 + 2 + -4))?
-1
Evaluate 4 + (0 - 31 - -15).
-12
What is the value of 3 + (2 - 14) + 1?
-8
What is the value of (-85 - -80) + (7 - -1) + 7?
10
Evaluate 44 + -16 + -66 + 53.
15
What is the value of 32 + -13 - (14 - 10 - -5)?
10
What is the value of (-276 - -306 - (9 + (0 - 0))) + -5?
16
What is -10 - (-1 + -2) - (5 + 5 - -1)?
-18
What is the value of (8 + 8 + -8 - 4) + 1?
5
What is -7 + 12 - (-4 - (1 + 0 + -14))?
-4
983 + -967 - (7 + 2)
7
2 + (-2 - (-10 - (2 - 7)) - 0)
5
What is the value of (30 - 34 - 12) + (-2 - -35)?
17
Evaluate 11 - (-13 - (9 + -20)).
13
Evaluate 12 - (-16 + 53 + -1).
-24
Evaluate 4 + (1 - (-1 - 4)).
10
What is the value of -9 + (-2 - -7) - -13 - (-34 + 4)?
39
What is -25 + 14 + 7 + 1 + 14?
11
Evaluate (0 - 1) + (18 + (-2 - 1) - 4).
10
-12 - 4 - -7 - (-2 - -2)
-9
What is the value of -16 - -26 - 7 - -3?
6
Evaluate (2 - (-6 - -48)) + (-28 - -44).
-24
What is (88 - 85) + (-23 - 8)?
-28
Calculate (40 - 9) + -22 + -14.
-5
What is 25 + (-58 + 29 - -7)?
3
Evaluate 0 + 0 - (-46 - -45).
1
What is the value of -16 + (3 - (-8 + (11 - 7)))?
-9
(-18 - -23 - (-1 - -12)) + 30
24
Calculate 3 - 1 - 2 - (237 + -231).
-6
Calculate -9 + 4 + 2 + -4 + 3.
-4
Calculate (4 - -1) + (348 - 369).
-16
12 + -50 + (22 - 6)
-22
(131 - 114) + -2 + -9
6
23 - -8 - 70 - -9
-30
Calculate (-3 - -9) + 1 + -18 + 5 + 9.
3
What is (-21 - (8 - -32)) + 35?
-26
Calculate (-44 - -23) + (30 - 5).
4
Evaluate 5 - (-20 + 12 - 18) - 12.
19
-1